{"id":1054,"date":"2017-02-23T16:05:25","date_gmt":"2017-02-23T14:05:25","guid":{"rendered":"http:\/\/www.bioetiikka.fi\/?page_id=1054"},"modified":"2017-03-08T10:43:09","modified_gmt":"2017-03-08T08:43:09","slug":"julkilausuma-vanhojen-ihmisten-hoivarobotiikkaa-kasitelleesta-kansalaisraadista","status":"publish","type":"page","link":"https:\/\/www.bioetiikka.fi\/?page_id=1054","title":{"rendered":"Julkilausuma vanhojen ihmisten hoivarobotiikkaa k\u00e4sitelleest\u00e4 kansalaisraadista"},"content":{"rendered":"<p><em>Tampereella 6.2.2017.<\/em><strong><br \/>\n<\/strong><\/p>\n<p>&nbsp;<\/p>\n<p>Olemme yht\u00e4 mielt\u00e4 siit\u00e4, ett\u00e4 digitalisaation ja robottien kehitys ovat v\u00e4ist\u00e4m\u00e4t\u00f6n askel tekniikan kehityksess\u00e4. Ihmisi\u00e4 tulee kuulla sen suhteen, miten robotiikkaa otetaan k\u00e4ytt\u00f6\u00f6n hoidossa ja hoivassa.<\/p>\n<p>&nbsp;<\/p>\n<p><strong> 1. Itsem\u00e4\u00e4r\u00e4\u00e4misoikeus<\/strong><\/p>\n<p>L\u00e4ht\u00f6kohtaisesti ihmisen on saatava itse p\u00e4\u00e4tt\u00e4\u00e4, haluaako ja salliiko h\u00e4n robotin kotiinsa tai s\u00e4ngynreunalleen. Ihminen voi halutessaan ilmaista hoiva- ja hoitotahdossaan toiveitaan silt\u00e4 varalta, ett\u00e4 my\u00f6hemmin esimerkiksi muistisairauden takia menett\u00e4\u00e4 kykyns\u00e4 p\u00e4\u00e4tt\u00e4\u00e4 asiasta. On kuitenkin huomioitava, ett\u00e4 ihminen voi muuttua ja robotiikka voi kehitty\u00e4 niin nopeasti, ettei ihminen tied\u00e4 mist\u00e4 p\u00e4\u00e4tt\u00e4\u00e4 silloin, kun kirjaa toiveitaan hoivatahtoon. Hoitoyhteis\u00f6ss\u00e4 yhdess\u00e4 omaisten kanssa voidaan tehd\u00e4 p\u00e4\u00e4t\u00f6ksi\u00e4 silloin, kun ihminen ei itse pysty niit\u00e4 tekem\u00e4\u00e4n.<\/p>\n<p>Robotin t\u00e4ytyisi p\u00e4\u00e4asiallisesti olla robottia k\u00e4ytt\u00e4v\u00e4n ihmisen hallinnassa, mutta robotilla voi olla ihmisen itse sallimissa rajoissa mahdollisuus itsen\u00e4iseen toimintaan.<\/p>\n<p>Sama malli ei sovi kaikille: kaikki eiv\u00e4t voi k\u00e4ytt\u00e4\u00e4 samanlaisia robotteja samoilla ehdoilla. Robottien yksil\u00f6inti on t\u00e4rke\u00e4\u00e4.<\/p>\n<p>&nbsp;<\/p>\n<p><strong> 2. Koulutus ja tiedotus<\/strong><\/p>\n<p>Olemme keskustelleet, ett\u00e4 robotteja k\u00e4ytt\u00f6\u00f6notettaessa on kiinnitett\u00e4v\u00e4 erityisesti huomiota hoitohenkil\u00f6st\u00f6n kouluttamiseen. T\u00e4m\u00e4n ohella on t\u00e4rke\u00e4\u00e4 tarjota tiedotusta ja koulutusta my\u00f6s julkisesti kaikille ihmisille.<\/p>\n<p>Kun robotti otetaan k\u00e4ytt\u00f6\u00f6n ihmisen kotona, on koulutettava robotin k\u00e4ytt\u00f6\u00f6n sek\u00e4 robottia k\u00e4ytt\u00e4v\u00e4 ihminen ett\u00e4 t\u00e4m\u00e4n l\u00e4hipiiri. Tutkijoiden ja insin\u00f6\u00f6rien tulee my\u00f6s oppia ihmisilt\u00e4 ja menn\u00e4 ihmisten koteihin, jotta he ymm\u00e4rt\u00e4v\u00e4t, millaisia ihmisten tarpeet ovat. Kehityksen t\u00e4ytyy tapahtua ruohonjuuritasolta k\u00e4sin.<\/p>\n<p>Omaishoitajat, kolmas sektori sek\u00e4 esimerkiksi vammaisneuvosto ja vanhusneuvosto, ovat my\u00f6s t\u00e4rkeit\u00e4 huomioida. N\u00e4it\u00e4 avainryhmi\u00e4 on t\u00e4rke\u00e4 kuulla robottien k\u00e4ytt\u00f6\u00f6notossa.<\/p>\n<p>Robotteihin kohdistuvat pelot ja huolet ovat my\u00f6s syyt\u00e4 huomioida ja ottaa vakavasti.<\/p>\n<p>&nbsp;<\/p>\n<p><strong> 3. Vastuu<\/strong><\/p>\n<p>Lains\u00e4\u00e4d\u00e4nn\u00f6ss\u00e4 on huolehdittava robottien turvallisuudesta ja eettisyydest\u00e4 ja sovellettava jo monia olemassa olevia lakeja. Robotiikkaan liittyv\u00e4t vastuukysymykset on k\u00e4yt\u00e4v\u00e4 perusteellisesti l\u00e4pi ennen kuin robotteja tuodaan hoitoty\u00f6h\u00f6n.<\/p>\n<p>Vastuu tulee jakautumaan useaan portaaseen. Vastuu jakautuu palveluntuottajalle ja robotin k\u00e4yt\u00f6st\u00e4 p\u00e4\u00e4tt\u00e4v\u00e4lle taholle. Ensisijaisesti vastuu robotin k\u00e4yt\u00f6st\u00e4 tulee olla palveluntuottajalla, joka robottia k\u00e4ytt\u00e4\u00e4. Vastuullinen k\u00e4ytt\u00f6 edellytt\u00e4\u00e4 hoitoyhteis\u00f6lt\u00e4 ammattitaitoa, jota tulee pit\u00e4\u00e4 yll\u00e4 koulutuksella.<\/p>\n<p>Roboteista tulee moniosaajia. Tulee tarkoin huomioida se, kuka vastaa robotin toiminnasta.<\/p>\n<p>&nbsp;<\/p>\n<p><strong> 4. Oikeudenmukaisuus<\/strong><\/p>\n<p>Julkisen palvelun teht\u00e4v\u00e4n\u00e4 on huolehtia, ett\u00e4 kaikilla on mahdollisuus samoihin palveluihin. Robottien tulee kuulua vammaispalvelulain piiriin.<\/p>\n<p>On pohdittava, onko robottien k\u00e4ytt\u00f6 tarkoituksenmukaista rahank\u00e4ytt\u00f6\u00e4. Robottien k\u00e4ytt\u00f6 on suhteutettava hoitoon tarpeen mukaan.<\/p>\n<p>&nbsp;<\/p>\n<p><strong> 5. Ihmisyys ensin<\/strong><\/p>\n<p>Ihmisyys on ensisijaista hoidossa niin hoidettavan kuin auttajankin n\u00e4k\u00f6kulmasta. Teknologia on hyv\u00e4 apuv\u00e4line. Ihmisty\u00f6voimaa voidaan jossain m\u00e4\u00e4rin korvata koneella, mutta sosiaalista vuorovaikutusta ja inhimillisyytt\u00e4 ei voida korvata.<\/p>\n<p>Sosiaalinen robotiikka jakaa erityisen paljon mielipiteit\u00e4. Toiset ovat olleet huolissaan siit\u00e4, ett\u00e4 esimerkiksi hyljerobotin antaminen muistisairaalle voi olla v\u00e4\u00e4rin. Toiset taas ajattelevat, ett\u00e4 robottihylje voi helpottaa yksin\u00e4isyyden tunnetta.<\/p>\n<p>Olemme olleet huolissamme siit\u00e4, ett\u00e4 jos kertoo hoivatahdossa sallivansa robotin k\u00e4yt\u00f6n, kenties joskus s\u00e4ngynreunalle ei tulekaan muita kuin robotti. T\u00e4t\u00e4 emme voi hyv\u00e4ksy\u00e4. Ihmisen on pysytt\u00e4v\u00e4 hoidossa ja hoivassa ensisijaisena tahona, vaikka robotit t\u00e4ss\u00e4 ty\u00f6ss\u00e4 avustaisivat. Ihminen on huomioitava aina sosiaalisena, psykologisena ja fysiologisena kokonaisuutena.<\/p>\n<p>&nbsp;<\/p>\n<p><em>Tekstist\u00e4 on korjattu joitakin kirjoitusvirheit\u00e4 ja kielt\u00e4 hiottu kevyesti 8.3.2017.<\/em><\/p>\n","protected":false},"excerpt":{"rendered":"<p>Tampereella 6.2.2017. &nbsp; Olemme yht\u00e4 mielt\u00e4 siit\u00e4, ett\u00e4 digitalisaation ja robottien kehitys ovat v\u00e4ist\u00e4m\u00e4t\u00f6n askel tekniikan kehityksess\u00e4. Ihmisi\u00e4 tulee kuulla sen suhteen, miten robotiikkaa otetaan k\u00e4ytt\u00f6\u00f6n hoidossa ja hoivassa. &nbsp; 1. Itsem\u00e4\u00e4r\u00e4\u00e4misoikeus L\u00e4ht\u00f6kohtaisesti ihmisen on saatava itse p\u00e4\u00e4tt\u00e4\u00e4, haluaako ja salliiko h\u00e4n robotin kotiinsa tai s\u00e4ngynreunalleen. Ihminen voi halutessaan ilmaista hoiva- ja hoitotahdossaan toiveitaan silt\u00e4 &hellip; <\/p>\n<p class=\"link-more\"><a href=\"https:\/\/www.bioetiikka.fi\/?page_id=1054\" class=\"more-link\">Jatka lukemista<span class=\"screen-reader-text\"> &#8221;Julkilausuma vanhojen ihmisten hoivarobotiikkaa k\u00e4sitelleest\u00e4 kansalaisraadista&#8221;<\/span><\/a><\/p>\n","protected":false},"author":1,"featured_media":0,"parent":0,"menu_order":0,"comment_status":"closed","ping_status":"closed","template":"","meta":{"_uag_custom_page_level_css":"","footnotes":""},"class_list":["post-1054","page","type-page","status-publish","hentry"],"yoast_head":"<!-- This site is optimized with the Yoast SEO plugin v27.4 - https:\/\/yoast.com\/product\/yoast-seo-wordpress\/ -->\n<title>Julkilausuma vanhojen ihmisten hoivarobotiikkaa k\u00e4sitelleest\u00e4 kansalaisraadista - Bioetiikan instituutti<\/title>\n<meta name=\"robots\" content=\"index, follow, max-snippet:-1, max-image-preview:large, max-video-preview:-1\" \/>\n<link rel=\"canonical\" href=\"https:\/\/www.bioetiikka.fi\/?page_id=1054\" \/>\n<meta property=\"og:locale\" content=\"fi_FI\" \/>\n<meta property=\"og:type\" content=\"article\" \/>\n<meta property=\"og:title\" content=\"Julkilausuma vanhojen ihmisten hoivarobotiikkaa k\u00e4sitelleest\u00e4 kansalaisraadista - Bioetiikan instituutti\" \/>\n<meta property=\"og:description\" content=\"Tampereella 6.2.2017. &nbsp; Olemme yht\u00e4 mielt\u00e4 siit\u00e4, ett\u00e4 digitalisaation ja robottien kehitys ovat v\u00e4ist\u00e4m\u00e4t\u00f6n askel tekniikan kehityksess\u00e4. Ihmisi\u00e4 tulee kuulla sen suhteen, miten robotiikkaa otetaan k\u00e4ytt\u00f6\u00f6n hoidossa ja hoivassa. &nbsp; 1. Itsem\u00e4\u00e4r\u00e4\u00e4misoikeus L\u00e4ht\u00f6kohtaisesti ihmisen on saatava itse p\u00e4\u00e4tt\u00e4\u00e4, haluaako ja salliiko h\u00e4n robotin kotiinsa tai s\u00e4ngynreunalleen. Ihminen voi halutessaan ilmaista hoiva- ja hoitotahdossaan toiveitaan silt\u00e4 &hellip; Jatka lukemista &quot;Julkilausuma vanhojen ihmisten hoivarobotiikkaa k\u00e4sitelleest\u00e4 kansalaisraadista&quot;\" \/>\n<meta property=\"og:url\" content=\"https:\/\/www.bioetiikka.fi\/?page_id=1054\" \/>\n<meta property=\"og:site_name\" content=\"Bioetiikan instituutti\" \/>\n<meta property=\"article:modified_time\" content=\"2017-03-08T08:43:09+00:00\" \/>\n<meta name=\"twitter:card\" content=\"summary_large_image\" \/>\n<meta name=\"twitter:label1\" content=\"Arvioitu lukuaika\" \/>\n\t<meta name=\"twitter:data1\" content=\"3 minuuttia\" \/>\n<script type=\"application\/ld+json\" class=\"yoast-schema-graph\">{\"@context\":\"https:\\\/\\\/schema.org\",\"@graph\":[{\"@type\":\"WebPage\",\"@id\":\"https:\\\/\\\/www.bioetiikka.fi\\\/?page_id=1054\",\"url\":\"https:\\\/\\\/www.bioetiikka.fi\\\/?page_id=1054\",\"name\":\"Julkilausuma vanhojen ihmisten hoivarobotiikkaa k\u00e4sitelleest\u00e4 kansalaisraadista - Bioetiikan instituutti\",\"isPartOf\":{\"@id\":\"https:\\\/\\\/www.bioetiikka.fi\\\/#website\"},\"datePublished\":\"2017-02-23T14:05:25+00:00\",\"dateModified\":\"2017-03-08T08:43:09+00:00\",\"breadcrumb\":{\"@id\":\"https:\\\/\\\/www.bioetiikka.fi\\\/?page_id=1054#breadcrumb\"},\"inLanguage\":\"fi\",\"potentialAction\":[{\"@type\":\"ReadAction\",\"target\":[\"https:\\\/\\\/www.bioetiikka.fi\\\/?page_id=1054\"]}]},{\"@type\":\"BreadcrumbList\",\"@id\":\"https:\\\/\\\/www.bioetiikka.fi\\\/?page_id=1054#breadcrumb\",\"itemListElement\":[{\"@type\":\"ListItem\",\"position\":1,\"name\":\"Home\",\"item\":\"https:\\\/\\\/www.bioetiikka.fi\\\/\"},{\"@type\":\"ListItem\",\"position\":2,\"name\":\"Julkilausuma vanhojen ihmisten hoivarobotiikkaa k\u00e4sitelleest\u00e4 kansalaisraadista\"}]},{\"@type\":\"WebSite\",\"@id\":\"https:\\\/\\\/www.bioetiikka.fi\\\/#website\",\"url\":\"https:\\\/\\\/www.bioetiikka.fi\\\/\",\"name\":\"Bioetiikan instituutti\",\"description\":\"Edist&auml;mme bioetiikan tiedonalan tuntemusta ja k&auml;yt&auml;nn&ouml;n vaikutusta Suomessa\",\"potentialAction\":[{\"@type\":\"SearchAction\",\"target\":{\"@type\":\"EntryPoint\",\"urlTemplate\":\"https:\\\/\\\/www.bioetiikka.fi\\\/?s={search_term_string}\"},\"query-input\":{\"@type\":\"PropertyValueSpecification\",\"valueRequired\":true,\"valueName\":\"search_term_string\"}}],\"inLanguage\":\"fi\"}]}<\/script>\n<!-- \/ Yoast SEO plugin. -->","yoast_head_json":{"title":"Julkilausuma vanhojen ihmisten hoivarobotiikkaa k\u00e4sitelleest\u00e4 kansalaisraadista - Bioetiikan instituutti","robots":{"index":"index","follow":"follow","max-snippet":"max-snippet:-1","max-image-preview":"max-image-preview:large","max-video-preview":"max-video-preview:-1"},"canonical":"https:\/\/www.bioetiikka.fi\/?page_id=1054","og_locale":"fi_FI","og_type":"article","og_title":"Julkilausuma vanhojen ihmisten hoivarobotiikkaa k\u00e4sitelleest\u00e4 kansalaisraadista - Bioetiikan instituutti","og_description":"Tampereella 6.2.2017. &nbsp; Olemme yht\u00e4 mielt\u00e4 siit\u00e4, ett\u00e4 digitalisaation ja robottien kehitys ovat v\u00e4ist\u00e4m\u00e4t\u00f6n askel tekniikan kehityksess\u00e4. Ihmisi\u00e4 tulee kuulla sen suhteen, miten robotiikkaa otetaan k\u00e4ytt\u00f6\u00f6n hoidossa ja hoivassa. &nbsp; 1. Itsem\u00e4\u00e4r\u00e4\u00e4misoikeus L\u00e4ht\u00f6kohtaisesti ihmisen on saatava itse p\u00e4\u00e4tt\u00e4\u00e4, haluaako ja salliiko h\u00e4n robotin kotiinsa tai s\u00e4ngynreunalleen. Ihminen voi halutessaan ilmaista hoiva- ja hoitotahdossaan toiveitaan silt\u00e4 &hellip; Jatka lukemista \"Julkilausuma vanhojen ihmisten hoivarobotiikkaa k\u00e4sitelleest\u00e4 kansalaisraadista\"","og_url":"https:\/\/www.bioetiikka.fi\/?page_id=1054","og_site_name":"Bioetiikan instituutti","article_modified_time":"2017-03-08T08:43:09+00:00","twitter_card":"summary_large_image","twitter_misc":{"Arvioitu lukuaika":"3 minuuttia"},"schema":{"@context":"https:\/\/schema.org","@graph":[{"@type":"WebPage","@id":"https:\/\/www.bioetiikka.fi\/?page_id=1054","url":"https:\/\/www.bioetiikka.fi\/?page_id=1054","name":"Julkilausuma vanhojen ihmisten hoivarobotiikkaa k\u00e4sitelleest\u00e4 kansalaisraadista - Bioetiikan instituutti","isPartOf":{"@id":"https:\/\/www.bioetiikka.fi\/#website"},"datePublished":"2017-02-23T14:05:25+00:00","dateModified":"2017-03-08T08:43:09+00:00","breadcrumb":{"@id":"https:\/\/www.bioetiikka.fi\/?page_id=1054#breadcrumb"},"inLanguage":"fi","potentialAction":[{"@type":"ReadAction","target":["https:\/\/www.bioetiikka.fi\/?page_id=1054"]}]},{"@type":"BreadcrumbList","@id":"https:\/\/www.bioetiikka.fi\/?page_id=1054#breadcrumb","itemListElement":[{"@type":"ListItem","position":1,"name":"Home","item":"https:\/\/www.bioetiikka.fi\/"},{"@type":"ListItem","position":2,"name":"Julkilausuma vanhojen ihmisten hoivarobotiikkaa k\u00e4sitelleest\u00e4 kansalaisraadista"}]},{"@type":"WebSite","@id":"https:\/\/www.bioetiikka.fi\/#website","url":"https:\/\/www.bioetiikka.fi\/","name":"Bioetiikan instituutti","description":"Edist&auml;mme bioetiikan tiedonalan tuntemusta ja k&auml;yt&auml;nn&ouml;n vaikutusta Suomessa","potentialAction":[{"@type":"SearchAction","target":{"@type":"EntryPoint","urlTemplate":"https:\/\/www.bioetiikka.fi\/?s={search_term_string}"},"query-input":{"@type":"PropertyValueSpecification","valueRequired":true,"valueName":"search_term_string"}}],"inLanguage":"fi"}]}},"uagb_featured_image_src":{"full":false,"thumbnail":false,"medium":false,"medium_large":false,"large":false,"1536x1536":false,"2048x2048":false,"twentyseventeen-featured-image":false,"twentyseventeen-thumbnail-avatar":false},"uagb_author_info":{"display_name":"Yll\u00e4pito","author_link":"https:\/\/www.bioetiikka.fi\/?author=1"},"uagb_comment_info":0,"uagb_excerpt":"Tampereella 6.2.2017. &nbsp; Olemme yht\u00e4 mielt\u00e4 siit\u00e4, ett\u00e4 digitalisaation ja robottien kehitys ovat v\u00e4ist\u00e4m\u00e4t\u00f6n askel tekniikan kehityksess\u00e4. Ihmisi\u00e4 tulee kuulla sen suhteen, miten robotiikkaa otetaan k\u00e4ytt\u00f6\u00f6n hoidossa ja hoivassa. &nbsp; 1. Itsem\u00e4\u00e4r\u00e4\u00e4misoikeus L\u00e4ht\u00f6kohtaisesti ihmisen on saatava itse p\u00e4\u00e4tt\u00e4\u00e4, haluaako ja salliiko h\u00e4n robotin kotiinsa tai s\u00e4ngynreunalleen. Ihminen voi halutessaan ilmaista hoiva- ja hoitotahdossaan toiveitaan silt\u00e4&hellip;","_links":{"self":[{"href":"https:\/\/www.bioetiikka.fi\/index.php?rest_route=\/wp\/v2\/pages\/1054","targetHints":{"allow":["GET"]}}],"collection":[{"href":"https:\/\/www.bioetiikka.fi\/index.php?rest_route=\/wp\/v2\/pages"}],"about":[{"href":"https:\/\/www.bioetiikka.fi\/index.php?rest_route=\/wp\/v2\/types\/page"}],"author":[{"embeddable":true,"href":"https:\/\/www.bioetiikka.fi\/index.php?rest_route=\/wp\/v2\/users\/1"}],"replies":[{"embeddable":true,"href":"https:\/\/www.bioetiikka.fi\/index.php?rest_route=%2Fwp%2Fv2%2Fcomments&post=1054"}],"version-history":[{"count":5,"href":"https:\/\/www.bioetiikka.fi\/index.php?rest_route=\/wp\/v2\/pages\/1054\/revisions"}],"predecessor-version":[{"id":1098,"href":"https:\/\/www.bioetiikka.fi\/index.php?rest_route=\/wp\/v2\/pages\/1054\/revisions\/1098"}],"wp:attachment":[{"href":"https:\/\/www.bioetiikka.fi\/index.php?rest_route=%2Fwp%2Fv2%2Fmedia&parent=1054"}],"curies":[{"name":"wp","href":"https:\/\/api.w.org\/{rel}","templated":true}]}}